{"id":5296,"date":"2021-05-06T17:58:54","date_gmt":"2021-05-06T17:58:54","guid":{"rendered":"https:\/\/espaimaragall.cat\/?page_id=5296"},"modified":"2021-05-06T18:03:00","modified_gmt":"2021-05-06T18:03:00","slug":"entidades-y-grupos-locales-residentes","status":"publish","type":"page","link":"https:\/\/espaimaragall.cat\/es\/entidades-y-grupos-locales-residentes\/","title":{"rendered":"Entidades y grupos locales residentes"},"content":{"rendered":"<p>El espacio (Maragall) es un espacio abierto a las entidades y asociaciones de la ciudad con inquietudes relacionadas con las artes esc\u00e9nicas.<\/p>\n<p>El espacio (Maragall) se plantea como un espacio de encuentro, formaci\u00f3n y exhibici\u00f3n de la actividad esc\u00e9nica que genera la propia ciudad.<\/p>\n<p>Actualmente son entidades residentes:<\/p>\n<p><strong>Algama Teatre<\/strong><br \/>\nLunes de 17 a 23 horas<\/p>\n<p><strong>Casa Arag\u00f3<\/strong><br \/>\nLunes de 19 a 22 horas<\/p>\n<p><strong>Companyia d&#8217;Espectacles Totax<\/strong><br \/>\nMartes de 19 a 23 horas<\/p>\n<p><strong>Cor de Cambra Tornaveu<\/strong><br \/>\nJueves de 21 a 24 horas<\/p>\n<p><strong>Societat Coral La Igualtat<\/strong><br \/>\nLunes i dimecres de 21 a 24 horas<\/p>\n<p><strong>Teatr3s<\/strong><br \/>\nMartes i Jueves de 20 a 24 horas<\/p>\n<p><strong>L\u2019Atelier<\/strong><br \/>\nJueves de 19.30 a 21 horas<\/p>\n","protected":false},"excerpt":{"rendered":"<p>El espacio (Maragall) es un espacio abierto a las entidades y asociaciones de la ciudad con inquietudes relacionadas con las artes esc\u00e9nicas. El espacio (Maragall) se plantea como un espacio de encuentro, formaci\u00f3n y exhibici\u00f3n de la actividad esc\u00e9nica que genera la propia ciudad. Actualmente son entidades residentes: Algama Teatre Lunes de 17 a 23 horas Casa Arag\u00f3 Lunes de 19 a 22 horas Companyia d&#8217;Espectacles Totax Martes de 19 a 23 horas Cor de Cambra Tornaveu Jueves de 21 a 24 horas Societat Coral La Igualtat Lunes i dimecres de 21 a 24 horas Teatr3s Martes i Jueves de 20 a 24 horas L\u2019Atelier Jueves de 19.30 a 21 horas<\/p>\n","protected":false},"author":2,"featured_media":0,"parent":0,"menu_order":0,"comment_status":"closed","ping_status":"closed","template":"","meta":[],"amp_enabled":true,"_links":{"self":[{"href":"https:\/\/espaimaragall.cat\/es\/wp-json\/wp\/v2\/pages\/5296"}],"collection":[{"href":"https:\/\/espaimaragall.cat\/es\/wp-json\/wp\/v2\/pages"}],"about":[{"href":"https:\/\/espaimaragall.cat\/es\/wp-json\/wp\/v2\/types\/page"}],"author":[{"embeddable":true,"href":"https:\/\/espaimaragall.cat\/es\/wp-json\/wp\/v2\/users\/2"}],"replies":[{"embeddable":true,"href":"https:\/\/espaimaragall.cat\/es\/wp-json\/wp\/v2\/comments?post=5296"}],"version-history":[{"count":4,"href":"https:\/\/espaimaragall.cat\/es\/wp-json\/wp\/v2\/pages\/5296\/revisions"}],"predecessor-version":[{"id":5300,"href":"https:\/\/espaimaragall.cat\/es\/wp-json\/wp\/v2\/pages\/5296\/revisions\/5300"}],"wp:attachment":[{"href":"https:\/\/espaimaragall.cat\/es\/wp-json\/wp\/v2\/media?parent=5296"}],"curies":[{"name":"wp","href":"https:\/\/api.w.org\/{rel}","templated":true}]}}

<p>El espacio (Maragall) es un espacio abierto a las entidades y asociaciones de la ciudad con inquietudes relacionadas con las artes escénicas.</p>
<p>El espacio (Maragall) se plantea como un espacio de encuentro, formación y exhibición de la actividad escénica que genera la propia ciudad.</p>
<p>Actualmente son entidades residentes:</p>
<p><strong>Algama Teatre</strong><br />
Lunes de 17 a 23 horas</p>
<p><strong>Casa Aragó</strong><br />
Lunes de 19 a 22 horas</p>
<p><strong>Companyia d&#8217;Espectacles Totax</strong><br />
Martes de 19 a 23 horas</p>
<p><strong>Cor de Cambra Tornaveu</strong><br />
Jueves de 21 a 24 horas</p>
<p><strong>Societat Coral La Igualtat</strong><br />
Lunes i dimecres de 21 a 24 horas</p>
<p><strong>Teatr3s</strong><br />
Martes i Jueves de 20 a 24 horas</p>
<p><strong>L’Atelier</strong><br />
Jueves de 19.30 a 21 horas</p>

<p>El espacio (Maragall) es un espacio abierto a las entidades y asociaciones de la ciudad con inquietudes relacionadas con las artes escénicas. El espacio (Maragall) se plantea como un espacio de encuentro, formación y exhibición de la actividad escénica que genera la propia ciudad. Actualmente son entidades residentes: Algama Teatre Lunes de 17 a 23 horas Casa Aragó Lunes de 19 a 22 horas Companyia d&#8217;Espectacles Totax Martes de 19 a 23 horas Cor de Cambra Tornaveu Jueves de 21 a 24 horas Societat Coral La Igualtat Lunes i dimecres de 21 a 24 horas Teatr3s Martes i Jueves de 20 a 24 horas L’Atelier Jueves de 19.30 a 21 horas</p>
